cond derivative of n**4/6 + n**3/2 - 2*n**2 + 5*n. Determine t(m).
5
Let n(f) = 832 + 3*f - 4*f**2 - 832 - f**3. Determine n(-4).
-12
Let n(g) = -2*g + g + 4*g + 11 + g. Let o be n(-4). Let c(p) = 5*p - 4. Let m(b) = -9*b + 7. Let y(r) = 5*c(r) + 3*m(r). What is y(o)?
11
Let j(v) = 2*v + 3. Let m(z) = -2*z - 3. Let i(p) = 7*j(p) + 6*m(p). Determine i(-6).
-9
Let s(r) = 5*r + 1. Suppose q + 5 = -0*q. Let x be (-2)/(-3)*(q + 14). Let z(p) = p - 7. Let h be z(x). Calculate s(h).
-4
Let q(c) be the first derivative of -6*c**2 - 17. Determine q(1).
-12
Suppose -2*c - 2*m + 7*m = -16, -2*m = -5*c + 19. Let z = 6 - 4. Let d be c/z*-1*2. Let f(b) = 4*b + 4. What is f(d)?
-8
Let w be 44/10 + 6/(-15). Let u(p) be the second derivative of p**3/2 - 5*p**2/2 + 4*p. Give u(w).
7
Suppose -2*d - 24 = -4*z, -d + 3*d = -3*z + 11. Let y(a) = 9*a + 1. Let g(t) = -26*t - 4. Let r(j) = d*g(j) - 7*y(j). Determine r(-1).
12
Suppose -l + 15 = 2*l - 2*a, -5*l + 25 = -3*a. Let d(u) = l - 12*u + 17*u - 2. Calculate d(-3).
-12
Let i be 2 + 4 + -2 + 0. Let o(x) = -8 + i*x + 8 + 2*x**2. Determine o(-3).
6
Suppose 12 = 2*y + 6. Let j(p) = 2*p - 4*p**2 - 3*p + 1 + y*p**2. Give j(2).
-5
Let y(g) = 5*g**3 - 4*g**2 - 8*g - 5. Let z(a) = 11*a**3 - 9*a**2 - 17*a - 11. Let r(j) = -13*y(j) + 6*z(j). Determine r(1).
0
Suppose 0 = 113*t - 111*t + 4. Let u(x) = 2*x**3 - 2*x**2 + 2. Give u(t).
-22
Let p(i) = i**3 - 6*i**2 + 2*i - 1. Suppose -4 = -17*h + 16*h. Determine p(h).
-25
Let k = 52 + -60. Let q(f) = f**2 + 7*f - 4. Give q(k).
4
Let i(u) = -1. Let c(n) = -n - 3. Let o(z) = c(z) - 4*i(z). What is o(-1)?
2
Let p(r) = 230*r - 1 + 10*r**3 - 230*r + r**2. Give p(1).
10
Let p(j) be the first derivative of j**2 - 2*j + 18. Give p(-2).
-6
Let c(l) = -243*l**2 + 4 + 0*l - 3*l + 242*l**2. Calculate c(-4).
0
Suppose 4*y + 5*m + 10 = 0, 4*y + 23 = m + 1. Let z(i) = i**3 + 5*i**2 + 2. Calculate z(y).
2
Suppose 3*a - 4 = a, 2*l - 2*a = -2. Suppose -3*h = -0*h + 12. Let c be h/8*(l - 1). Let p(u) = -u**2 + 2. Calculate p(c).
2
Let l be (-1)/2*(20 - 20). Let z(c) be the second derivative of 0*c**2 + c + 1/6*c**3 + l. What is z(-2)?
-2
Suppose 4*l = -3*v + 34, -v - 2*l = -4*l + 2. Let c(d) = d - 4. What is c(v)?
2
Let f = -8 + 7. Let a(p) = -2 + 18*p**2 + 1 - 19*p**2 - 7*p**3 + 2. What is a(f)?
7
Let j(o) = -3*o - 5. Let a(u) = -7*u - 11. Let d(b) = -2*a(b) + 5*j(b). Let s = -2 - -2. Give d(s).
-3
Let m(h) = h**3 + 2*h**2 - 1. Suppose -2*y - 2*y = 0. Suppose y*n = 5*n. Suppose n = l + 4 - 1. What is m(l)?
-10
Let h(t) = 3*t**2 - 3*t + 10. Suppose 20 = 5*u - 5. Let z(o) = -5*o**2 + 4*o - 15. Let p(c) = u*z(c) + 8*h(c). Determine p(-4).
5
Suppose 0 = -5*d + 19 + 21. Let q be 68/(-18) - d/36. Let o(n) = n**2 + 4*n + 4. Calculate o(q).
4
Let b(n) = -6*n + n**3 + 5*n - n**2 + 0 + 0*n + 2. What is b(2)?
4
Let w(u) = 0*u - 3 + 0*u + 3*u - u**2 - u. Determine w(3).
-6
Let z(q) = q**2 + 5*q - 17. Let a be z(-7). Let v(k) = -k**3 - 5*k**2 - 3*k + 2. Calculate v(a).
-7
Let x(g) = -8*g. Let c be (-6 - -12) + (1 - 3). Suppose 0*i + c*i = -4. What is x(i)?
8
Let n(s) = -s + 2. Let j be n(-1). Let f(w) = w**j + 13 - 13 + 2*w**2. Give f(-2).
0
Suppose -10*m = -6*m - 20. Let q(x) be the second derivative of 0 + 1/20*x**m + 1/2*x**3 - 3/2*x**2 - 1/4*x**4 + x. Determine q(2).
-1
Let g = 21 - 26. Let b be g/(-4)*(-1 + 5). Let x(m) = -m**3 + 6*m**2 - 3*m - 2. Give x(b).
8
Suppose -5*z + 1 = -4. Suppose 4*d + 25 = z. Let u(n) be the first derivative of n**2/2 + 5*n + 18. Determine u(d).
-1
Let g = 13 - -8. Let y be (-8)/6*g/14. Let j(p) be the first derivative of p**2 + 3*p - 1. Calculate j(y).
-1
Let z be (1*-1)/((-2)/8). Let w(v) = 0 - v**2 - 1 - 6*v + 6 + 6*v**2 - v**3. Determine w(z).
-3
Let l(v) = v + 9. Suppose -7*g + 38 + 11 = 0. Give l(g).
16
Let h(z) = -z**3 - 8*z**2 - 7*z - 8. Let j be -1 - (-14)/(-2) - -1. What is h(j)?
-8
Let r(v) = -12*v**3 - v + 1. Let d(h) = h**3 - 3*h**2 + 2*h + 1. Let j be d(2). Calculate r(j).
-12
Let p be 1/(-2)*(-1 - 3). Suppose 3 = p*k + 1. Let y(w) = -4*w - 3. Let c(u) = 9*u + 7. Let q(d) = -3*c(d) - 7*y(d). What is q(k)?
1
Let b(k) = -k**2 - 6*k + 7. Let q = -19 - -13. Calculate b(q).
7
Let x(p) = -p**2 + 10*p + 36. Let s be x(13). Let h(f) = -2*f**2 - 4*f. What is h(s)?
-6
Let y(d) be the second derivative of -d**5/20 - d**3/6 - 23*d**2/2 + 32*d. Calculate y(0).
-23
Suppose -21 = 2*u - f, 3*u + f = 2*u - 3. Let o(i) = -i**2 - 9*i. Determine o(u).
8
Suppose -12*l - 6 = -9*l. Let u(j) = -j**3 + 2*j**2 + j. Calculate u(l).
14
Suppose i + 5*g - 22 = 0, -7*i - 10 = -2*i - 5*g. Let h(w) = -w**i + 2*w + 1 - 3 + 3. Give h(-1).
-2
Let v(s) be the third derivative of -s**6/60 - s**5/20 + s**4/24 + s**3/3 - s**2. Let o(l) = 2*l**2 + l - 2. Let d be o(2). Suppose -3*p - d = p. What is v(p)?
4
Let s(q) = -q + 2*q - q**2 - 2*q - 5 + 8*q. Suppose 2*j = 8, j - 12 = -5*b + 3*j. What is s(b)?
7
Let l(y) = y + 3. Let a be l(-4). Let i(n) be the third derivative of -n**5/30 - n**4/24 - n**3/6 - 3*n**2. Determine i(a).
-2
Suppose 3*r - 9 = -0*r. Let v be 2*(1 - -2)/r. Let y be (-1 - 0) + (v - 1). Let s(j) = j**3 + j**2 + 5. Give s(y).
5
Let p(h) be the second derivative of h**4/12 + 5*h**3/6 + 3*h**2/2 + 6*h. Calculate p(-6).
9
Let l(j) be the first derivative of 1/2*j**2 + j - 7. Determine l(-5).
-4
Let u = 0 + -3. Let s(i) = i**3 + 4*i**2 + i - 9. Let q(w) = w**3 + 4*w**2 + w - 8. Let z(k) = -5*q(k) + 4*s(k). Determine z(u).
-2
Let o(f) = 3*f**3 - 6*f**2 - 8*f - 5. Let u(d) = d**3 - 2*d**2 - 3*d - 2. Let q(p) = 3*o(p) - 8*u(p). Calculate q(1).
0
Let l(r) = -6*r**3 - 1. Let a(p) = p**2 - 5*p + 3. Let x be a(4). Let u be l(x). Let y(s) = -3*s + 3. Determine y(u).
-12
Let i(s) = s**2 - s - 1. Let r = 31 - 28. Determine i(r).
5
Let c(f) be the third derivative of f**3 + 0 + 0*f + 1/12*f**4 + 2*f**2. Calculate c(-5).
-4
Let l(p) = -4 + 0 - 3*p**2 - 3*p**2 + p**3 + 12*p**2. Determine l(-6).
-4
Let x(c) be the first derivative of -c**3/3 + c**2/2 + 2*c + 8. What is x(2)?
0
Let a(k) = 2*k - 3. Let n(z) = -3*z**3 - 2*z - 2. Let i be n(-1). Calculate a(i).
3
Let l(t) = t**2 + 5*t - 2. Let s be l(-5). Let v(r) = 0*r**2 - 1 + 2*r + 5*r**3 - 4*r**3 + 3*r**2. Determine v(s).
-1
Let z(g) be the third derivative of g**5/60 - g**4/12 - 5*g**3/6 - 5*g**2. Let f be z(4). Let u(k) = -k**3 + 3*k**2. Calculate u(f).
0
Let h = -2 - -4. Suppose -6*d = -4*d - h. Let x(z) = 2*z - 2. Let b(p) = -3*p + 3. Let a(g) = 3*b(g) + 4*x(g). What is a(d)?
0
Let p(k) = k**2 - k. Let f(o) = o**3 - 9*o**2 + 8*o. Let i be f(8). Suppose a = 0, 4*t + 0*t + 3*a = i. Suppose 2*j = -t*j. What is p(j)?
0
Let w(r) be the second derivative of r**3/2 + r**2/2 - 6*r. Calculate w(-3).
-8
Let h(c) = -c**3 - c**2 - c + 1. Let r(v) = v**3 + 8*v**2 - 9*v + 2. Let x be r(-9). What is h(x)?
-13
Let p(j) = j**2 + j. Let r = 16 + -15. Let s(z) = -3*z**2 - z + 3. Let u(l) = r*s(l) + 2*p(l). Calculate u(-3).
-9
Let y(t) = 5*t + 2. Let q(g) = -3*g - 1. Let x(u) = -8*q(u) - 5*y(u). Let f be 0/(1 + (-1 - -2)). Calculate x(f).
-2
Let j(n) = -n**3 + 6*n**2 - 4*n - 3. Suppose b - 3*m = 8, -2*m + 24 = b + b. Suppose b - 32 = -3*o. Let c(z) = -z**2 + 7*z + 5. Let f be c(o). Determine j(f).
2
Suppose -5*s + 4 = -1. Let z(m) be the first derivative of 3*m**3/2 + m - 1. Let y(k) be the first derivative of z(k). What is y(s)?
9
Let y(x) be the first derivative of -x**3/3 + x**2/2 + x - 10. Determine y(1).
1
Let b(d) be the third derivative of d**4/24 + 3*d**3/2 - 9*d**2. Let l be -2*(1 + 0 - -2). Give b(l).
3
Let t be 4/2*(-7 + 8). Let x(s) = -s**2 + 6*s**3 - 7*s**3 - t*s**2 + 2*s - 2 + 7*s**2. Let y(r) = r**3 + 4*r**2 - r - 2. Let i be y(-4). Give x(i).
10
Let u be (-4)/18 - (5 - 65/9). Let g(x) be the third derivative of -1/12*x**4 + 0*x**5 + 0 + x**u + 1/6*x**3 + 0*x + 1/60*x**6. Calculate g(1).
1
Let d = -11 + 13. Let z(u) = -4*u + 3. Determine z(d).
-5
Let t(f) = 2*f. Suppose -3*m = -m, 4*y = 4*m + 4. Let l(p) = -p + 1. Let q be l(3). Let d = q + y. Give t(d).
-2
Let s(d) be the second derivative of d**4/2 + d**3/6 + 5*d. Determine s(-1).
5
Let b(z) = -2*z. Let r be ((-8)/(-14))/((-192)/28 + 7). Determine b(r).
-8
Let f(w) be the first derivative of w**4/4 + 2*w**3 - 5*w + 3. Suppose -3*l + 24 = -7*l. Calculate f(l).
-5
Let d be 79/5 + (-4)/(-20). Suppose d =